{"id":555,"date":"2013-02-21T12:03:07","date_gmt":"2013-02-21T15:03:07","guid":{"rendered":"http:\/\/duasmariola.com.br\/?page_id=555"},"modified":"2014-10-26T17:34:59","modified_gmt":"2014-10-26T20:34:59","slug":"claun","status":"publish","type":"page","link":"http:\/\/duasmariola.com.br\/?page_id=555","title":{"rendered":"Claun_assistir"},"content":{"rendered":"<p style=\"text-align: center;\"><span style=\"text-decoration: underline;\"><span style=\"color: #ff6600;\"><strong><a title=\"Home\" href=\"http:\/\/duasmariola.com.br\/\"><span style=\"color: #ff6600; text-decoration: underline;\">Duas Mariola<\/span><\/a><\/strong><\/span><\/span><\/p>\n<p style=\"text-align: center;\">apresenta<\/p>\n<h1 class=\"title\" style=\"text-align: center;\"><span style=\"color: #ff6600;\">CLAUN<\/span><\/h1>\n<h3 style=\"text-align: center;\">AVENTURA, CARNAVAL, SANGUE, IMAGINA\u00c7\u00c3O<\/h3>\n<p style=\"text-align: center;\">PROJETO TRANSM\u00cdDIA CRIADO POR Felipe Bragan\u00e7a<\/p>\n<p style=\"text-align: center;\">Especialmente apresentado no:<\/p>\n<p><img loading=\"lazy\" class=\"aligncenter size-full wp-image-695\" alt=\"rotterdam-film-festival2\" src=\"http:\/\/duasmariola.com.br\/wp-content\/uploads\/2013\/02\/rotterdam-film-festival2.jpg\" width=\"150\" height=\"133\" \/><\/p>\n<p style=\"text-align: center;\">NOVIDADES 2014! A CADA ANO, CLAUN LAN\u00c7A UM NOVO PASSO! COMO PROMETIDO, EM NOVEMBRO, O <span style=\"text-decoration: underline;\"><a href=\"http:\/\/www.boitempoeditorial.com.br\/v3\/titles\/view\/403\"><span style=\"color: #ff6600; text-decoration: underline;\">LIVRO EM QUADRINHOS<\/span><\/a><\/span> DO PROJETO CHEGA \u00c0S LIVRARIAS!<\/p>\n<p style=\"text-align: center;\"><img loading=\"lazy\" class=\"aligncenter size-full wp-image-1254\" alt=\"cover\" src=\"http:\/\/duasmariola.com.br\/wp-content\/uploads\/2013\/02\/cover.jpg\" width=\"846\" height=\"1130\" srcset=\"http:\/\/duasmariola.com.br\/wp-content\/uploads\/2013\/02\/cover.jpg 846w, http:\/\/duasmariola.com.br\/wp-content\/uploads\/2013\/02\/cover-224x300.jpg 224w, http:\/\/duasmariola.com.br\/wp-content\/uploads\/2013\/02\/cover-766x1024.jpg 766w\" sizes=\"(max-width: 846px) 100vw, 846px\" \/><\/p>\n<p style=\"text-align: center;\">BEM VINDO AO MUNDO DOS MASCARADOS!<\/p>\n<p style=\"text-align: center;\">No in\u00edcio do S\u00e9culo 20, quando o carnaval era um festa para poucos e a cidade passava por grandes transforma\u00e7\u00f5es, grupos de mascarados se reuniam pelos becos da cidade e enfrentavam a ordem p\u00fablica e a repress\u00e3o.<\/p>\n<p style=\"text-align: center;\">Diziam ter o corpo fechado, falar com esp\u00edritos e terem poderes sobre-humanos.<\/p>\n<p style=\"text-align: center;\">Eram chamados de &#8220;cl\u00f3vis&#8221;, de &#8220;clowns&#8221; ou \u00a0de &#8220;bate-bolas&#8221;.<\/p>\n<p style=\"text-align: center;\">&#8230;<\/p>\n<p style=\"text-align: center;\"><strong><em>&#8220;Desde que lancei meu segundo longa nos cinemas, A ALEGRIA, em 2011, comecei a me dedicar ao universo de CLAUN: esse misto de aventura, folclore carioca, mem\u00f3rias infantis e refer\u00eancias pop. Em paralelo ao meu universo como cineasta, CLAUN me apareceu como um projeto diferente, emanado das minhas \u00a0caminhadas pelas ruas de Queimados, na Baixa Fluminense, onde vive minha fam\u00edlia e boa parte da minha alma, meus sonhos e meus pesadelos. Desde o come\u00e7o pensei nele assim: como um gesto composto de v\u00e1rias camadas &#8211; web-s\u00e9rie, quadrinhos e, \u00a0futuramente, uma narrativa on line. Enquanto preparo meus pr\u00f3ximos longas de cinema, CLAUN \u00e9 meu tesourinho pessoal e que pretendo continuar a desenvolver por toda a vida. Ano a ano.&#8221;<\/em> <\/strong><\/p>\n<p style=\"text-align: center;\"><strong>&#8211;<\/strong> <strong>Felipe Bragan\u00e7a\u00a0<\/strong><\/p>\n<p style=\"text-align: center;\">&#8230;<\/p>\n<p style=\"text-align: center;\">\n<p style=\"text-align: center;\">CLAUN \u00e9 desenvolvido em diversas fases :<\/p>\n<p style=\"text-align: center;\">\n<p style=\"text-align: center;\"><span style=\"color: #ff6600;\"><strong>FASE 1<\/strong> &#8211; WEB-S\u00c9RIE EM 3 CAP\u00edTULOS: &#8220;CLAUN: OS DIAS AVENTUROSOS DE AYANA&#8221;<\/span><\/p>\n<p style=\"text-align: center;\">Lan\u00e7ada inicialmente on-line em 2013, a web-s\u00e9rie conta com 3 cap\u00edtulos de 23 minutos e foi apresentada especialmente no FESTIVAL DE ROTTERDAM 2013.<\/p>\n<p style=\"text-align: center;\">OS 3 CAPITULOS EST\u00c3O NOVAMENTE NO AR E PODEM SER VISTOS\u00a0<span style=\"text-decoration: underline;\"><span style=\"color: #ff6600;\"><strong><a href=\"http:\/\/www.boitempoeditorial.com.br\/v3\/News\/view\/3657\" target=\"_blank\"><span style=\"color: #ff6600; text-decoration: underline;\">AQUI!<\/span><\/a><\/strong><\/span><\/span><\/p>\n<p style=\"text-align: center;\">E O TRAILER DA W\u00c9B-SERIE PODE SER VISTO <span style=\"text-decoration: underline;\"><span style=\"color: #ff6600; text-decoration: underline;\"><strong><a title=\"claun trailer\" href=\"https:\/\/vimeo.com\/57031061\" target=\"_blank\"><span style=\"color: #ff6600; text-decoration: underline;\">AQUI!<\/span><\/a><\/strong><\/span><\/span><\/p>\n<p style=\"text-align: center;\">&#8230;<\/p>\n<p style=\"text-align: center;\"><span style=\"color: #ff6600;\"><strong>FASE 2<\/strong> &#8211; LIVRO EM QUADRINHOS: &#8220;CLAUN: A SAGA DOS BATE-BOLAS&#8221;<\/span><\/p>\n<p style=\"text-align: center;\">Livro de 100 p\u00e1ginas criado por Felipe Bragan\u00e7a e com arte de Daniel Sake, Diego Sanchez e Gustaco M. Bragan\u00e7a. Editado pela BOITEMPO EDITORIAL.<span style=\"color: #ffffff;\">\u00a0<strong style=\"color: #ff6600;\">Lan\u00e7amento em Novembro 2014.<\/strong><\/span><\/p>\n<p style=\"text-align: center;\">QUER COMPRAR OU SABER MAIS SOBRE O LIVRO? CLIQUE <strong><span style=\"text-decoration: underline;\"><span style=\"color: #ff6600;\"><a href=\"http:\/\/www.boitempoeditorial.com.br\/v3\/titles\/view\/403\" target=\"_blank\"><span style=\"color: #ff6600; text-decoration: underline;\">AQUI!<\/span><\/a><\/span><\/span><\/strong><span style=\"text-decoration: underline;\"><span style=\"color: #ff6600;\"><strong><a href=\"http:\/\/http:\/\/www.boitempoeditorial.com.br\/v3\/titles\/view\/claun\" target=\"_blank\"><span style=\"color: #ff6600; text-decoration: underline;\"><br \/>\n<\/span><\/a><\/strong><\/span><\/span><\/p>\n<p style=\"text-align: center;\">&#8230;<\/p>\n<p style=\"text-align: center;\"><span style=\"color: #ff6600;\"><strong>FASE 3 &#8211; EM DESENVOLVIMENTO!<\/strong><\/span><\/p>\n<p style=\"text-align: center;\">Lan\u00e7amento previsto para 2015. Novidades em breve.<\/p>\n<p><img loading=\"lazy\" class=\"aligncenter size-full wp-image-572\" alt=\"CLAUN---divulgacao-3\" src=\"http:\/\/duasmariola.com.br\/wp-content\/uploads\/2013\/02\/CLAUN-divulgacao-3.jpg\" width=\"400\" height=\"406\" srcset=\"http:\/\/duasmariola.com.br\/wp-content\/uploads\/2013\/02\/CLAUN-divulgacao-3.jpg 400w, http:\/\/duasmariola.com.br\/wp-content\/uploads\/2013\/02\/CLAUN-divulgacao-3-295x300.jpg 295w\" sizes=\"(max-width: 400px) 100vw, 400px\" \/><\/p>\n<p style=\"text-align: center;\">QUER SABER MAIS? Veja o que o\u00a0antrop\u00f3logo HERMANO VIANNA escreveu sobre o projeto &#8211; veja\u00a0<span style=\"text-decoration: underline;\"><span style=\"color: #ff6600;\"><a style=\"text-align: center;\" title=\"hermano sobre claun\" href=\"http:\/\/oglobo.globo.com\/cultura\/super-herois-do-suburbio-8214021\" target=\"_blank\"><span style=\"color: #ff6600; text-decoration: underline;\">AQUI<\/span><\/a><\/span><\/span> a coluna no jornal O GLOBO em Junho de 2013.<\/p>\n<p style=\"text-align: center;\"><img loading=\"lazy\" class=\"aligncenter size-full wp-image-574\" alt=\"claun-foto-1\" src=\"http:\/\/duasmariola.com.br\/wp-content\/uploads\/2013\/02\/claun-foto-1.jpg\" width=\"690\" height=\"294\" srcset=\"http:\/\/duasmariola.com.br\/wp-content\/uploads\/2013\/02\/claun-foto-1.jpg 690w, http:\/\/duasmariola.com.br\/wp-content\/uploads\/2013\/02\/claun-foto-1-300x127.jpg 300w\" sizes=\"(max-width: 690px) 100vw, 690px\" \/><\/p>\n<p><img loading=\"lazy\" class=\"aligncenter size-full wp-image-575\" alt=\"claun---photo-1\" src=\"http:\/\/duasmariola.com.br\/wp-content\/uploads\/2013\/02\/claun-photo-1.jpg\" width=\"690\" height=\"293\" srcset=\"http:\/\/duasmariola.com.br\/wp-content\/uploads\/2013\/02\/claun-photo-1.jpg 690w, http:\/\/duasmariola.com.br\/wp-content\/uploads\/2013\/02\/claun-photo-1-300x127.jpg 300w\" sizes=\"(max-width: 690px) 100vw, 690px\" \/><\/p>\n<p style=\"text-align: center;\">&#8230;<\/p>\n<p style=\"text-align: center;\"><span style=\"color: #ff6600;\">CR\u00c9DITOS DAS FASES DO PROJETO:<\/span><\/p>\n<p style=\"text-align: center;\">* A WEB-S\u00c9RIE DE CLAUN FOI DESENVOLVIDA COM O SUPORTE DE:<\/p>\n<p style=\"text-align: center;\">RIOFILME \u00a0e \u00a0SEC-RJ<\/p>\n<p style=\"text-align: center;\">Produ\u00e7\u00e3o: Duas Mariola e Bananeira Filmes<\/p>\n<p style=\"text-align: center;\">Co-produ\u00e7\u00e3o: Cavideo.<a title=\"cavideo\" href=\"http:\/\/www.cavideo.com.br\/\" target=\"_blank\"><strong><strong><br \/>\n<\/strong><\/strong><\/a><\/p>\n<p style=\"text-align: center;\">Produtora Associada: LINK DIGITAL<\/p>\n<p style=\"text-align: center;\">Apoio: CIA RIO e SUPERVIA<\/p>\n<p style=\"text-align: center;\">&#8230;<\/p>\n<p style=\"text-align: center;\">* O LIVRO EM QUADRINHOS DE CLAUN FOI FEITO EM PARCERIA COM A BOITEMPO EDITORIAL<\/p>\n<p style=\"text-align: center;\">PRIMEIRO T\u00cdTULO DA COLE\u00c7\u00c3O BARRICADA.<\/p>\n<p style=\"text-align: center;\">Personagens, textos e concep\u00e7\u00e3o: Felipe Bragan\u00e7a.<\/p>\n<p style=\"text-align: center;\">Arte: Daniel Sake, Diego Sanchez, Gustavo M. Bragan\u00e7a.<\/p>\n<p style=\"text-align: center;\">Artista convidado: Andr\u00e9 Mantelli.<\/p>\n<p style=\"text-align: center;\">Artista homenageado: Aloyzio Zaluar.<\/p>\n<p style=\"text-align: center;\"><img loading=\"lazy\" class=\"aligncenter size-full wp-image-645\" alt=\"slider-home-CLAUN\" src=\"http:\/\/duasmariola.com.br\/wp-content\/uploads\/2013\/01\/slider-home-CLAUN.jpg\" width=\"1167\" height=\"403\" srcset=\"http:\/\/duasmariola.com.br\/wp-content\/uploads\/2013\/01\/slider-home-CLAUN.jpg 1167w, http:\/\/duasmariola.com.br\/wp-content\/uploads\/2013\/01\/slider-home-CLAUN-300x103.jpg 300w, http:\/\/duasmariola.com.br\/wp-content\/uploads\/2013\/01\/slider-home-CLAUN-1024x353.jpg 1024w\" sizes=\"(max-width: 1167px) 100vw, 1167px\" \/><\/p>\n<style><!--\nfooter {display:none;} div.page_head {display:none;}  div.welcome {display:none;} body {padding-top: 12px; background-color: #700f33; color: #ffffff; background-image:url('http:\/\/duasmariola.com.br\/wp-content\/uploads\/2013\/02\/bg-top.jpg'); background-repeat:no-repeat; background-position:center top;}  h1, h2, h3, h4, h5, h6 {color: #ffffff;} h1.title {font-size: 70px; color:#ec8602; padding: 0 0 20px 0;} img {padding: 20px 0;}\n--><\/style>\n","protected":false},"excerpt":{"rendered":"<p>Duas Mariola apresenta CLAUN AVENTURA, CARNAVAL, SANGUE, IMAGINA\u00c7\u00c3O PROJETO TRANSM\u00cdDIA CRIADO POR Felipe Bragan\u00e7a Especialmente apresentado no: NOVIDADES 2014! A CADA ANO, CLAUN LAN\u00c7A UM NOVO PASSO! COMO PROMETIDO, EM NOVEMBRO, O LIVRO EM QUADRINHOS DO PROJETO CHEGA \u00c0S LIVRARIAS! BEM VINDO AO MUNDO DOS MASCARADOS! No in\u00edcio do S\u00e9culo 20, quando o carnaval era [&hellip;]<\/p>\n","protected":false},"author":1,"featured_media":0,"parent":0,"menu_order":0,"comment_status":"open","ping_status":"open","template":"full_width_page.php","meta":{"ngg_post_thumbnail":0},"_links":{"self":[{"href":"http:\/\/duasmariola.com.br\/index.php?rest_route=\/wp\/v2\/pages\/555"}],"collection":[{"href":"http:\/\/duasmariola.com.br\/index.php?rest_route=\/wp\/v2\/pages"}],"about":[{"href":"http:\/\/duasmariola.com.br\/index.php?rest_route=\/wp\/v2\/types\/page"}],"author":[{"embeddable":true,"href":"http:\/\/duasmariola.com.br\/index.php?rest_route=\/wp\/v2\/users\/1"}],"replies":[{"embeddable":true,"href":"http:\/\/duasmariola.com.br\/index.php?rest_route=%2Fwp%2Fv2%2Fcomments&post=555"}],"version-history":[{"count":247,"href":"http:\/\/duasmariola.com.br\/index.php?rest_route=\/wp\/v2\/pages\/555\/revisions"}],"predecessor-version":[{"id":558,"href":"http:\/\/duasmariola.com.br\/index.php?rest_route=\/wp\/v2\/pages\/555\/revisions\/558"}],"wp:attachment":[{"href":"http:\/\/duasmariola.com.br\/index.php?rest_route=%2Fwp%2Fv2%2Fmedia&parent=555"}],"curies":[{"name":"wp","href":"https:\/\/api.w.org\/{rel}","templated":true}]}}