{"id":17,"date":"2013-01-04T13:16:41","date_gmt":"2013-01-04T16:16:41","guid":{"rendered":"http:\/\/duasmariola.com.br\/?page_id=17"},"modified":"2016-12-21T15:59:33","modified_gmt":"2016-12-21T18:59:33","slug":"mostras","status":"publish","type":"page","link":"http:\/\/duasmariola.com.br\/?page_id=17","title":{"rendered":"Mostras"},"content":{"rendered":"<p><strong>IMAGIN\u00c1RIOS CARIOCAS<\/strong><\/p>\n<p><img loading=\"lazy\" class=\"wp-image-1410 alignleft\" src=\"http:\/\/duasmariola.com.br\/wp-content\/uploads\/2013\/01\/Imaginarios_faceperfil_2M.jpg\" alt=\"\" width=\"144\" height=\"144\" srcset=\"http:\/\/duasmariola.com.br\/wp-content\/uploads\/2013\/01\/Imaginarios_faceperfil_2M.jpg 315w, http:\/\/duasmariola.com.br\/wp-content\/uploads\/2013\/01\/Imaginarios_faceperfil_2M-150x150.jpg 150w, http:\/\/duasmariola.com.br\/wp-content\/uploads\/2013\/01\/Imaginarios_faceperfil_2M-300x300.jpg 300w\" sizes=\"(max-width: 144px) 100vw, 144px\" \/>No ano em que completou 450 anos, a cidade do Rio de Janeiro \u2013 e como foi pensada e retratada em filmes de diferentes \u00e9pocas \u2013 \u00e9 o tema da mostra &#8220;Imagin\u00e1rios Cariocas: A Representa\u00e7\u00e3o do Rio no Cinema&#8221;. O que seria a cidade hoje? Como formar um retrato das v\u00e1rias camadas que a comp\u00f5em \u2013 solo, horizonte, caminhos, habitantes, fachadas, entranhas, esp\u00edrito \u2013 e perceber suas mudan\u00e7as desejadas e indesejadas? Como capturar uma identidade fugidia e cambiante? Partindo dessas quest\u00f5es, a curadoria selecionou 53 obras cinematogr\u00e1ficas que ajudam e ajudaram a construir o imagin\u00e1rio carioca durante todo o s\u00e9culo XX at\u00e9 o dias de hoje.<\/p>\n<p>&nbsp;<\/p>\n<p>Onde e quando: CAIXA Cultural Rio de Janeiro de &nbsp;8 a 27\/09\/2015.<\/p>\n<p>Idealiza\u00e7\u00e3o: Marina Meliande e Ateli\u00ea Rio<\/p>\n<p>Curadoria e produ\u00e7\u00e3o: Isabella Raposo, Manuelle Rosa, Marina Meliande, Pedro Henrique Ferreira, Virginia Primo, Hernani Heffner<\/p>\n<p>Realiza\u00e7\u00e3o: Duas Mariola<\/p>\n<p>Website:&nbsp;<a href=\"https:\/\/mostraimaginarioscariocas.com\">https:\/\/mostraimaginarioscariocas.com<\/a><\/p>\n<p>Fanpage:&nbsp;<a href=\"https:\/\/www.facebook.com\/imaginarioscariocas\">https:\/\/www.facebook.com\/imaginarioscariocas<\/a><\/p>\n<p>&nbsp;<\/p>\n<p><strong>JOVENS, LOUCOS E REBELDES<br \/>\n<\/strong><\/p>\n<p style=\"text-align: justify;\"><a href=\"http:\/\/duasmariola.com.br\/?attachment_id=86\" rel=\"attachment wp-att-86\"><img loading=\"lazy\" class=\"size-full wp-image-86 alignleft\" src=\"http:\/\/duasmariola.com.br\/wp-content\/uploads\/2013\/01\/jovensloucos.png\" alt=\"jovensloucos\" width=\"181\" height=\"139\"><\/a>Jovens, Loucos e Rebeldes \u00e9 uma mostra de cinema que pretende se debru\u00e7ar sobre o g\u00eanero do cinema-jovem (ou de High School Film), construindo um panorama diversificado, pop e instigante sobre o papel e a representa\u00e7\u00e3o da juventude nos dias de hoje. A inven\u00e7\u00e3o da juventude como valor cultural e identidade comportamental se expressa nos filmes que comp\u00f5e nessa mostra um painel n\u00e3o apenas de um g\u00eanero e de um espa\u00e7o social, mas de um universo simb\u00f3lico dos mais pregnantes criados na segunda metade do s\u00e9culo passado. Assim tra\u00e7amos uma sele\u00e7\u00e3o que vai de alguns cl\u00e1ssicos precursores na abordagem do \u201ctema\u201d \u00e0 populariza\u00e7\u00e3o das com\u00e9dias adolescentes nos anos 80, passando por experi\u00eancias radicais de investiga\u00e7\u00e3o do lugar desse signo nos dias de hoje.<\/p>\n<p>Onde e quando: CCBB-RJ de 23\/12 de 2008 a 25\/01 de 2009.<\/p>\n<p>Curadoria: Felipe Bragan\u00e7a<\/p>\n<p>Produ\u00e7\u00e3o: Carolina Dur\u00e3o e Raphael Mesquita<\/p>\n<p>Realiza\u00e7\u00e3o: Duas Mariola<\/p>\n<p>Site Oficial: <a href=\"http:\/\/mostrajovensloucoserebeldes.wordpress.com\/\">http:\/\/mostrajovensloucoserebeldes.wordpress.com<\/a><\/p>\n<p>&nbsp;<\/p>\n<p><strong>RIO FAN \u2013 FESTIVAL DE CINEMA FANTASTICO DO RIO DE JANEIRO<\/strong><\/p>\n<p style=\"text-align: justify;\"><a href=\"http:\/\/duasmariola.com.br\/?attachment_id=84\" rel=\"attachment wp-att-84\"><img loading=\"lazy\" class=\"alignleft size-full wp-image-84\" src=\"http:\/\/duasmariola.com.br\/wp-content\/uploads\/2013\/01\/Imagem6.png\" alt=\"Imagem6\" width=\"181\" height=\"139\"><\/a>Cinema fant\u00e1stico \u00e9 um conjunto de g\u00eaneros com tudo aquilo que lida com o que h\u00e1 de sobrenatural, de misterioso e espectral na representa\u00e7\u00e3o do imagin\u00e1rio atrav\u00e9s do cinema e por dentro do pr\u00f3pria linguagem cinematogr\u00e1fica. Fantasmas, monstros, suspens\u00f5es de f\u00f4lego, sombras e fabula\u00e7\u00f5es se misturaram nessa iniciativa in\u00e9dita e inovadora que contou com mais de uma centena de filmes, divididos entre uma mostra competitiva internacional, um panorama internacional de longas e curtas, uma mostra para flmes experimentais que lidam com g\u00eaneros fant\u00e1sticos, e uma homenagem especial\u00edssima a Jos\u00e9 Mojica Marins. Com o objetivo de se tornar um evento anual para amantes do cinema fant\u00e1stico (e do fant\u00e1stico enquanto estatuto do pr\u00f3prio cinema), o RIOFAN criou ainda o trof\u00e9u RioFan\/Jos\u00e9 Mojica Marins que ser\u00e1 entregue anualmente aos vencedores das diferentes categorias em competi\u00e7\u00e3o.<\/p>\n<p>Onde e quando: Caixa Cultural-RJ, Esta\u00e7\u00e3o Botafogo 1, Cine ODEON BR e Cinemateca do MAM-RJ de 30\/04 a 11\/05 de 2008 (1a edi\u00e7\u00e3o).<\/p>\n<p>Diretoria RioFan: Felipe Bragan\u00e7a, Fernando Ver\u00edssimo, Marina Meliande e Mario Azen<\/p>\n<p>Programa\u00e7\u00e3o Internacional: Fernando Ver\u00edssimo<\/p>\n<p>Programa\u00e7\u00e3o Nacional: Daniel Caetano e Leonardo Levis<\/p>\n<p>Produ\u00e7\u00e3o: Mario Azen, Raphael Mesquita e Leonardo Levis<\/p>\n<p>Realiza\u00e7\u00e3o: Duas Mariola, Associa\u00e7\u00e3o Cultural Contracampo,Time Machine<\/p>\n<p>Site Oficial:&nbsp;<a href=\"http:\/\/www.riofan.com.br\/\">http:\/\/www.riofan.com.br\/<\/a><\/p>\n<p>&nbsp;<\/p>\n<p><strong>EU \u00c9 UM OUTRO<\/strong><\/p>\n<p style=\"text-align: justify;\"><img loading=\"lazy\" class=\"alignleft size-full wp-image-79\" src=\"http:\/\/duasmariola.com.br\/wp-content\/uploads\/2013\/01\/Cartaz.png\" alt=\"Cartaz\" width=\"181\" height=\"139\">Partindo de uma totalidade de document\u00e1rios exibidos pelo menos uma vez em salas de exibi\u00e7\u00e3o, procurou-se localizar as caracter\u00edsticas mais recorrentes e, entre elas, escolher as mais estimulantes e\/ou representativas de facetas do document\u00e1rio hoje no Brasil, sempre partindo da rela\u00e7\u00e3o viva entre sujeito (o autor do document\u00e1rio) e objeto (o seu tema\/personagem). Chegou-se dessa forma a um panorama de 36 filmes, divididos em seis sess\u00f5es, cada uma delas levantando quest\u00f5es das mais relevantes a partir da produ\u00e7\u00e3o documental brasileira contempor\u00e2nea. Em meio ao reconhecimento que o document\u00e1rio brasileiro tem recebido nos \u00faltimos anos, pouco tem se discutido as diferentes formas com que seus diretores t\u00eam usado os limites desta proximidade e distanciamento com seus \u201cpersonagens\u201d (termo que passou a ser muito usado no document\u00e1rio a partir de Eduardo Coutinho, o mais reconhecido cineasta brasileiro no formato). Esta mostra procurou discutir algumas das quest\u00f5es envolvidas ao se ligar uma c\u00e2mera e apont\u00e1-la para algu\u00e9m, fazendo isso atrav\u00e9s de destacados exemplos da produ\u00e7\u00e3o nacional recente.<\/p>\n<p>Onde e quando: Caixa Cultural RJ de 18 a 30\/03 de 2008.<\/p>\n<p>Curadoria: Eduardo Valente e Cleber Eduardo<\/p>\n<p>Produ\u00e7\u00e3o: Lenardo Mecchi e Mario Azen<\/p>\n<p>Realiza\u00e7\u00e3o: Duas Mariola e Revista Cin\u00e9tica<\/p>\n<p>Mais informa\u00e7\u00f5es:&nbsp;<a href=\"http:\/\/www.revistacinetica.com.br\/eueumoutro.htm\">http:\/\/www.revistacinetica.com.br\/eueumoutro.htm<\/a><\/p>\n<p>&nbsp;<\/p>\n<p><strong>CINEMA DE ASSALTO<\/strong><\/p>\n<p style=\"text-align: justify;\"><img loading=\"lazy\" class=\"alignleft size-full wp-image-80\" src=\"http:\/\/duasmariola.com.br\/wp-content\/uploads\/2013\/01\/droppedImage.png\" alt=\"droppedImage\" width=\"181\" height=\"138\" srcset=\"http:\/\/duasmariola.com.br\/wp-content\/uploads\/2013\/01\/droppedImage.png 181w, http:\/\/duasmariola.com.br\/wp-content\/uploads\/2013\/01\/droppedImage-70x52.png 70w\" sizes=\"(max-width: 181px) 100vw, 181px\" \/>Com a proposta de renovar e arejar certos caminhos de cinefilia na cidade do Rio de Janeiro, atrav\u00e9s de um recorte de g\u00eanero policial focado naqueles filmes cujo eixo s\u00e3o as artimanha do crime, do truque, da trapa\u00e7a \u2013 mesclando cl\u00e1ssicos narrativos como<i> O Grande Golpe <\/i>(de Stanley Kubrick) a releituras como <i>O Bandida da Luz Vermelha<\/i>. Acima de tudo, um convite a se olhar o cinema (mais at\u00e9 do que apenas o cinema policial) por dentro de seus c\u00f3digos cristalizados e suas reformula\u00e7\u00f5es, seja pela par\u00f3dia, seja pela esgar\u00e7amento de seus sentidos pol\u00edticos e sociais.<\/p>\n<p>&nbsp;<\/p>\n<p>Onde e quando: CCBB-RJ de 09 a 21\/01 de 2007.<\/p>\n<p>Curadoria: Daniel Caetano<\/p>\n<p>Produ\u00e7\u00e3o: Mario Azen e Raphael Mesquita<\/p>\n<p>Realiza\u00e7\u00e3o: Duas Mariola e Associa\u00e7\u00e3o Cultural Contracampo<\/p>\n<p>&nbsp;<\/p>\n<p><strong>REVIS\u00c3O DO CINEMA NOVO<\/strong><\/p>\n<p style=\"text-align: justify;\"><img loading=\"lazy\" class=\"alignleft size-full wp-image-81\" src=\"http:\/\/duasmariola.com.br\/wp-content\/uploads\/2013\/01\/droppedImage_1.png\" alt=\"droppedImage_1\" width=\"181\" height=\"139\">Mais do que apenas uma colet\u00e2nea de filmes, a mostra de prop\u00f4s a ser verdadeiramente um encontro para se redescobrir, re-visar e re-criticar &nbsp;o papel hist\u00f3rico, est\u00e9tico e social do conjunto de filmes e entoa jovens realizadores (Glauber, Hirzmann, Jabor, Nelson Pereira, Joaquim Pedro, entre outros) associados a id\u00e9ia cinemanovista. Debates, palestras, um cat\u00e1logo-livro e mais de 30 filmes exibidos, proporcionaram um espa\u00e7o de reflex\u00e3o, com in\u00e9dita abrang\u00eancia de t\u00edtulos exibidos, essencial para se reformular quatro d\u00e9cadas depois, o impacto, as heran\u00e7as e os mitos em torno de tema\/conceito\/gera\u00e7\u00e3o recorrente no imagin\u00e1rio audiovisual brasileiro.<\/p>\n<p>&nbsp;<\/p>\n<p>Onde e quando: CCBB-DF de 02 a 21\/01 e CCBB-SP de 31\/01 a 25\/02 de 2007<\/p>\n<p>Curadoria: Daniel Caetano<\/p>\n<p>Produ\u00e7\u00e3o: Mario Azen e Mariana Pinheiro<\/p>\n<p>Realiza\u00e7\u00e3o: Duas Mariola e Associa\u00e7\u00e3o Cultural Contracampo<\/p>\n<p>&nbsp;<\/p>\n<p><strong>HOMENAGEM A MARIO CARNEIRO<\/strong><\/p>\n<p style=\"text-align: justify;\"><img loading=\"lazy\" class=\"alignleft size-full wp-image-85\" src=\"http:\/\/duasmariola.com.br\/wp-content\/uploads\/2013\/01\/Imagem7.png\" alt=\"Imagem7\" width=\"181\" height=\"139\">Uma homenagem a Mario Carneiro, que completaria 77 anos em julho do mesmo ano. Diretor de fotografia, realizador de um longa (<i>Gordos e Magros<\/i>) e diversos curtas, montador e roteirista, esse franc\u00eas de nascimento e brasileiro por op\u00e7\u00e3o, foi um dos maiores fot\u00f3grafos da hist\u00f3ria do cinema brasileiro, tendo fotografado obras emblem\u00e1ticas da cinematografia cinemavonista, como o pol\u00eamico <i>Di<\/i> de Glauber Rocha (document\u00e1rio que registrou o enterro de Di Cavalcanti e teve sua exibi\u00e7\u00e3o proibida pela fam\u00edlia do pintor) e o cl\u00e1ssico <i>Arraial do Cabo<\/i> de Paulo C\u00e9sar Saraceni (do qual foi tamb\u00e9m co-diretor, c\u00e2mera e montador). A mostra reuniu alguns de seus principais filmes e promoveu debates em torno de sua obra e de seu papel na constitui\u00e7\u00e3o da visualidade do cinema brasileiro na segunda metade do S\u00e9culo XX.<\/p>\n<p>Onde e quando: CCBB-SP de 25\/04 a 06\/05 de 2007 e CCBB-RJ de 15 a 27\/05 de 2007<\/p>\n<p>Curadoria: Daniel Caetano<\/p>\n<p>Produ\u00e7\u00e3o: Mario Azen<\/p>\n<p>Realiza\u00e7\u00e3o: Duas Mariola<\/p>\n<p>&nbsp;<\/p>\n<p><strong>RAIZES DO S\u00c9CULO XXI &#8211; CINEMA BRASILEIRO CONTEMPOR\u00c2NEO<\/strong><\/p>\n<p style=\"text-align: justify;\"><img loading=\"lazy\" class=\"alignleft size-full wp-image-82\" src=\"http:\/\/duasmariola.com.br\/wp-content\/uploads\/2013\/01\/droppedImage_2.png\" alt=\"droppedImage_2\" width=\"181\" height=\"139\">Um painel de novas tend\u00eancias cinematogr\u00e1ficas brasileiras no Brasil delineadas entre os anos de 1995 e 2005. Filmes como <i>Madame Sat\u00e3<\/i>; <i>Cidade de Deus<\/i>; <i>O Prisioneiro da Grade de Ferro<\/i>; <i>Cinema, Aspirinas e Urubus<\/i>; <i>Cidade Baixa<\/i> e <i>Crime Delicado<\/i> foram apresentados acompanhados de um ciclo de Debates inovador ao reunir diretores, atores, cr\u00edticos e t\u00e9cnicos que se destacaram no per\u00edodo \u2013 como Walter Salles, Mauro Pinheiro Jr, Marcelo Gomes, entre outros. Questionar as formas de produ\u00e7\u00e3o e discutir os caminhos est\u00e9ticos e art\u00edsticos do cinema brasileiro com um olhar aberto ao novo, ao risco e aos dilemas dessa diversificada, mas entrela\u00e7ada gera\u00e7\u00e3o de filmes e cineastas.<\/p>\n<p>&nbsp;<\/p>\n<p>Onde e quando: Caixa Cultural-RJ (inaugurando a sala) de 14 a 30\/07 de 2006<\/p>\n<p>Curadoria: Hernani Heffner<\/p>\n<p>Produ\u00e7\u00e3o: Carolina Dur\u00e3o e Marina Meliande<\/p>\n<p>Realiza\u00e7\u00e3o: Duas Mariola<\/p>\n<p>&nbsp;<\/p>\n<p><strong>RETROSPECTIVA ROG\u00c9RIO SGANZERLA &#8211; CINEMA DO CAOS<\/strong><\/p>\n<p style=\"text-align: justify;\"><img loading=\"lazy\" class=\"alignleft size-full wp-image-83\" src=\"http:\/\/duasmariola.com.br\/wp-content\/uploads\/2013\/01\/droppedImage_3.png\" alt=\"droppedImage_3\" width=\"181\" height=\"139\">A mais completa retrospectiva j\u00e1 realizada sobre a obra Rog\u00e9rio Sganzerla, uma homenagem a mem\u00f3ria desse grande nome, desse grande artes\u00e3o, desse grande militante do cinema, falecido em janeiro de 2004. Da obra-prima <i>O Bandido da Luz Vermelha<\/i> a seu \u00faltimo e impactante trabalho, <i>O Signo do Caos<\/i>, passando por sua lend\u00e1ria parceria com J\u00falio Bressane e sua fase Orson Welles, essa retrospectiva foi a primeira grande mostra na cidade do Rio de Janeiro a se debru\u00e7ar sobre a obra de um dos mais importantes nomes do cinema brasileiro e mundial, dono de uma obra que soube ao mesmo tempo influenciar toda uma gera\u00e7\u00e3o e ainda assim permanecer \u00fanica e inimit\u00e1vel.<\/p>\n<p>&nbsp;<\/p>\n<p>Onde e quando: CCBB-RJ de 31\/10 a 13\/11 de 2005<\/p>\n<p style=\"text-align: justify;\">Curadoria: Ruy Gardnier<\/p>\n<p style=\"text-align: justify;\">Produ\u00e7\u00e3o: Carolina Dur\u00e3o, Marina Meliande e Mario Azen<\/p>\n<p style=\"text-align: justify;\">Realiza\u00e7\u00e3o: Duas Mariola e Associa\u00e7\u00e3o Cultural Contracampo<\/p>\n","protected":false},"excerpt":{"rendered":"<p>IMAGIN\u00c1RIOS CARIOCAS No ano em que completou 450 anos, a cidade do Rio de Janeiro \u2013 e como foi pensada e retratada em filmes de diferentes \u00e9pocas \u2013 \u00e9 o tema da mostra &#8220;Imagin\u00e1rios Cariocas: A Representa\u00e7\u00e3o do Rio no Cinema&#8221;. O que seria a cidade hoje? Como formar um retrato das v\u00e1rias camadas que [&hellip;]<\/p>\n","protected":false},"author":1,"featured_media":0,"parent":0,"menu_order":0,"comment_status":"open","ping_status":"open","template":"","meta":{"ngg_post_thumbnail":0},"_links":{"self":[{"href":"http:\/\/duasmariola.com.br\/index.php?rest_route=\/wp\/v2\/pages\/17"}],"collection":[{"href":"http:\/\/duasmariola.com.br\/index.php?rest_route=\/wp\/v2\/pages"}],"about":[{"href":"http:\/\/duasmariola.com.br\/index.php?rest_route=\/wp\/v2\/types\/page"}],"author":[{"embeddable":true,"href":"http:\/\/duasmariola.com.br\/index.php?rest_route=\/wp\/v2\/users\/1"}],"replies":[{"embeddable":true,"href":"http:\/\/duasmariola.com.br\/index.php?rest_route=%2Fwp%2Fv2%2Fcomments&post=17"}],"version-history":[{"count":27,"href":"http:\/\/duasmariola.com.br\/index.php?rest_route=\/wp\/v2\/pages\/17\/revisions"}],"predecessor-version":[{"id":1445,"href":"http:\/\/duasmariola.com.br\/index.php?rest_route=\/wp\/v2\/pages\/17\/revisions\/1445"}],"wp:attachment":[{"href":"http:\/\/duasmariola.com.br\/index.php?rest_route=%2Fwp%2Fv2%2Fmedia&parent=17"}],"curies":[{"name":"wp","href":"https:\/\/api.w.org\/{rel}","templated":true}]}}